 4. Give i(r).
4
Let h(k) = k + 12. Let i(n) = n - 9. Let x be i(4). Calculate h(x).
7
Let f be ((-4)/3)/(2/(-3)). Let p(b) = -2*b + 2. Let u be p(f). Let j(w) = -w**3 + 2*w - 1. Calculate j(u).
3
Let q(l) be the third derivative of l**5/30 + 2*l**3/3 - 3*l**2. Let f(n) be the first derivative of q(n). Let k = 4 + -3. Calculate f(k).
4
Let d(i) = 105*i - 54*i - 52*i + 6*i**2. Determine d(1).
5
Let y = -3 + 1. Let b(d) = 4*d. Let x(a) = a. Let g(k) = b(k) - 5*x(k). Give g(y).
2
Let z(n) = -n**2 + 5*n - 1. Suppose 3*v + 2*h = 23, 5*v + 5*h - 39 - 6 = 0. Calculate z(v).
-1
Let v be 3/(-5) - (-38)/5. Let r(w) = -w**2 + 5*w + 6. What is r(v)?
-8
Suppose 2*o = 2*y + 8, 7 + 9 = -o - 4*y. Let s(c) = c**2. Determine s(o).
0
Suppose 5 - 15 = -2*u. Suppose 2*r + 6*g = 3*g, 0 = 4*r - u*g. Let o(c) = -c**2 + c + 3. Calculate o(r).
3
Let q(s) = -9*s**3 + s. Suppose -4*c = -4 - 4. Suppose -k + 3*k = -c. Determine q(k).
8
Let g(w) be the first derivative of -3*w**2/2 + 1. What is g(2)?
-6
Let n be (12 + 0)/(3 + -1). Let p(h) = 7*h + 3. Let x(t) = 20*t + 8. Let w(s) = n*x(s) - 17*p(s). Determine w(6).
3
Let z(m) = -5*m + 3. Let d(k) = -6*k + 3. Let l(v) = -v**2 + 3*v + 4. Let x be l(3). Let f(a) = x*z(a) - 3*d(a). Let q be 3/(-15) - 33/(-15). Give f(q).
-1
Let t be 4/6 + (-40)/24. Let h(o) = 3*o**3 + o**2 + o + 1. Determine h(t).
-2
Let b(d) = 2*d**2 + 19 + d - 31 + 11. Determine b(1).
2
Let g(o) = 1 + 2*o + 3*o + 0*o. Give g(1).
6
Suppose 2*r + 3*r - 10 = 0. Let l(o) = 4 + o - 2 + 6 - r. Give l(-5).
1
Let j be 245/30 - (-2)/(-12). Let o(h) = h**3 - 8*h**2 + 2*h - 12. Determine o(j).
4
Suppose 3*a - 2 - 10 = 0. Suppose a*q - 4*k = 64, -4*k = -0*q + 2*q - 2. Suppose q + 9 = -5*i. Let l(r) = r. Give l(i).
-4
Suppose s = -4*u + 10 + 6, -5*s - 25 = -u. Let q be s + 2*3/(-3). Let z(f) = f**3 + 6*f**2 - 4. Give z(q).
-4
Let d(x) = -12*x**3 + x**2 + x. Let v be d(-1). Suppose -2*j - 2*y = 9 + 7, j - 3*y - v = 0. Let n(k) = -2*k - 4. Calculate n(j).
2
Suppose -u + 4*c = -21, 3*c = -4*u - 0*u + 8. Let y(q) = -1 - q**3 - 3 - 3*q - 2 + 6*q**2. Let v be y(u). Let w(j) = j**2 - 3*j - 3. Determine w(v).
1
Let j(r) = -3*r + 6. Suppose -4*u - 75 + 31 = 0. Let h = 1 + u. Let i = h - -14. Calculate j(i).
-6
Let x(z) be the second derivative of z**3/2 - z**2 - 34*z. Determine x(-2).
-8
Let u(o) = -o - 4*o + 2 + 4*o + 0*o. Let i be u(0). Let w(m) be the third derivative of m**6/120 - m**5/60 - m**3/3 - 3*m**2. Give w(i).
2
Let s(f) = f**3 + f - 2. Let t = 6 + -6. What is s(t)?
-2
Let p = -12 + 15. Let r(d) = -2*d**2 + 3*d + 3. Calculate r(p).
-6
Let g be 3/2 - 6/4. Let v(j) be the second derivative of -j**5/20 - j**4/12 + 4*j**2 + 3*j. Give v(g).
8
Let s(i) be the first derivative of -i**3/3 + i**2/2 + 2*i - 4. Let a(y) = -y**2 + 6*y - 7. Let t be a(5). What is s(t)?
-4
Let f(q) = q**3 - 5*q**2 + 5. Let m be f(5). Let i(c) be the first derivative of -3 + 5/2*c**2 + 0*c - 1/3*c**3. Calculate i(m).
0
Let z(q) be the first derivative of -q**5/120 - q**4/12 + q**3/3 + 2. Let h(u) be the third derivative of z(u). Suppose -3*w = 2*w - 15. Calculate h(w).
-5
Let a = -24 + 26. Let p = 2 + -1. Let k(s) = 2*s + s**2 - s + p + 0. Give k(a).
7
Let z(r) = -r**3 - 4*r**2 + 2*r + 1. Suppose 6*m + 20 = 5*m + 3*w, 2*w = -5*m - 15. Calculate z(m).
16
Let v(c) = -14*c**3 - 2*c**2 - 2*c - 1. Suppose -6*r + 2*r - 2*f = 6, 0 = 5*r + 5*f + 10. Give v(r).
13
Let p(o) be the second derivative of -1/120*o**5 + 0 - 1/6*o**4 + 0*o**2 + 1/360*o**6 - 2*o - 1/2*o**3. Let m(u) be the second derivative of p(u). Give m(-3).
8
Let j(p) = -4*p**2 + 2 - 593*p + 7*p**2 + 595*p. Calculate j(-3).
23
Let s(f) = 7*f**2 + 4*f - 3. Let x(u) = -6*u**2 - 4*u + 2. Let r(y) = 5*s(y) + 6*x(y). Let m be r(-2). Let a(g) = 2*g**3 - g**2. Give a(m).
1
Let k = 8 - 5. Let h(b) = 4*b - k - 3*b + 1 + 0*b. What is h(0)?
-2
Let b = 3 - -1. Let i be ((-4)/(-6))/(b/6). Let j(r) = -36*r + 20. Let y(c) = -2*c + 1. Let k(a) = 2*j(a) - 40*y(a). Determine k(i).
8
Let n(r) be the third derivative of r**4/8 - 5*r**3/6 - 2*r**2. Calculate n(5).
10
Let d(y) = -y**3 - 4*y**2 + 4*y. Suppose -5*b = k - 21, 0 = 4*b - 7*b - 4*k + 16. Suppose a + b = -1. Calculate d(a).
5
Let r(b) = 3 + 0*b - b + b - b. Calculate r(3).
0
Let l(c) = c**3 + c**2 - c + 5. Let h(k) = -k**3 + 2*k**2 + 4*k - 3. Let b be h(3). Determine l(b).
5
Let u(x) = -3*x + 1. Let t = 44 - 47. What is u(t)?
10
Let m(a) = 2 - 4*a - 1 - a + 3. Calculate m(4).
-16
Let i(m) = -m + 5. Let s = -7 + 10. Suppose -z - s*h + 6 = 0, -4*z + 3*h - h - 4 = 0. Determine i(z).
5
Let q(j) = 3*j - 1. Let t be (-36)/(-21) + (-2)/(-7). Suppose -y + 6 = -t*n + 6*n, -7 = -5*y + 3*n. Calculate q(y).
5
Let a(h) = -h**3 - 3*h**2 + 3*h + 3. Let l be a(-2). Let o = l + 3. Let c(d) = 2*d**2 + 6*d + 1. Determine c(o).
9
Suppose -8*v = -2*v - 18. Suppose 4*s - 8*s = -8. Let n(z) = 9*z**3 + 4*z**2 + 4*z - 8*z**v + 5 - s. What is n(-3)?
0
Let x(b) = -b**3 - 5*b**2 - 3*b + 13 + 4*b - 3*b - 8. Suppose -v = -4*v - 12. Determine x(v).
-3
Let i(d) = -d**2 + 5*d - 5. Let w(k) = -6*k**2 + 26*k - 24. Let q(h) = 11*i(h) - 2*w(h). Calculate q(-5).
3
Let x(r) be the second derivative of -2*r**2 + 0 + 1/20*r**5 + 1/2*r**4 + 2*r + 5/6*r**3. What is x(-4)?
8
Let i(u) = -u**2 - 4*u - 5. Let a be i(-3). Let k(q) = -2*q - 1. What is k(a)?
3
Let y(m) = m**2 - 3*m + 9. Let k(s) = s**2 - 4*s + 9. Let d(c) = -5*k(c) + 4*y(c). Calculate d(7).
-2
Let z(t) = t**3 + 8*t**2 + 6*t - 3. Let k be z(-7). Let a(l) = 5*l - 2*l - k*l + 0 - 2. Give a(-4).
2
Let m be 3/(-12) + (-38)/8. Let b = -3 - m. Let y(f) = -f**3 + f**2 - f. Let i(s) = 4*s**3 - 6*s**2 + 5*s - 1. Let u(q) = i(q) + 3*y(q). What is u(b)?
-1
Let j(u) = -u**3 - 5*u**2 - 3*u + 1. Suppose 8 = -2*h - v, 5*v - 2 = 3*h + 10. Determine j(h).
-3
Let h(m) = 3*m - 2*m + 4*m + 3 - m**2 + 4*m**2. What is h(-3)?
15
Suppose -4*z + 8 = 4*n - 0*n, -5*n = -20. Let q(l) be the second derivative of l**3/3 + l**2 + 3*l. Determine q(z).
-2
Let b(y) = y - 1. Let l be b(-3). Let j be 22/8 - 1/l. Let o = -1 + j. Let f(c) = -2*c**3 + 4*c**2 - 2*c - 1. Give f(o).
-5
Let j = -1 - -1. Suppose -3*d = -3*a - j*d + 3, 3*a + 7 = 5*d. Suppose 4*b - 2 = a. Let z(c) = 3*c. What is z(b)?
6
Suppose 3*o = -b - 10, -b + o = 3*o + 6. Suppose u = -2*w + 7, -2*w + 8 = b*u - 4*w. Let r(m) = m - 7. Calculate r(u).
-2
Let y(k) be the second derivative of -1/20*k**5 + 2*k + 1/6*k**4 - 1/720*k**6 + 0 + 0*k**2 + 0*k**3. Let h(l) be the third derivative of y(l). Determine h(-5).
-1
Let j(d) = -3*d + 35. Let s be j(13). Let f(a) = -a**3 - 3*a**2 + a - 4. Calculate f(s).
8
Let t(f) = -f**2 - 10*f - 10. Let y = 96 + -104. Calculate t(y).
6
Let n be 1 - (2*2 + 2). Let k be (n/4)/(2/(-8)). Let y(p) = 2*p**2 + 5*p + 6. Let w(j) = -j**2 - 1. Let z(b) = 3*w(b) + y(b). Give z(k).
3
Let a(m) = -6*m**3 + 2*m**2 - m. Let o be (-2)/3 + 10/6. Give a(o).
-5
Let s(r) = 5*r**2 - 2*r + 1. Let a = -10 - -10. Suppose 3 = 2*j + l + 1, a = 5*j - l - 5. Determine s(j).
4
Let x = -57 + 39. Let j be (-2)/(-3) + 12/x. Let m(l) = l - 13. Determine m(j).
-13
Suppose 3*t - 2*x = -6*x - 6, 0 = -3*t - 3*x - 9. Let k(q) = 6*q + 8. Give k(t).
-28
Let h(n) = n**2 - 9*n + 10. Let a be h(8). Let g(v) = -2 - 3*v**a - 3*v + 5*v**2 + 1 - 3*v**2 + v**3. Suppose -3 = -4*x + 9. What is g(x)?
8
Let t = -92 - -85. Let i(w) = -w**2 - 9*w - 7. Calculate i(t).
7
Let t(p) = -p**2 - 7*p - 3. Let u be (-4)/(-12) + 74/3. Suppose 5*x + 5 = -u. Let d be -3 - (-1 - x - 3). Calculate t(d).
7
Let o = 8 - 10. Let l be (16 + -4)*1/o. Let g(y) = 6*y + 5 - 5*y - 2. Give g(l).
-3
Suppose 4*u - 3 = 3*x, x = -2*u + 14 - 5. Let i(p) = -2*p - 11. Let j be i(-9). Let c(y) = 10 - 5 - j + y. Determine c(u).
1
Let p(o) = 7*o**2 - 13*o + 15. Let n(d) = -3*d**2 + 6*d - 7. Let b(k) = -9*n(k) - 4*p(k). Let a be (-2)/(-5) - (-17)/(-5). What is b(a)?
0
Let j(f) = -f**2 - 7. Suppose -5*g + 4 = -3*g. Let q = 0 + 20. Suppose g*x + 4 = 2*t - 6, -4*t = 4*x - q. Give j(x).
-7
Let b be (1/2)/(3/48). Let s be (-17)/(-4) + (-2)/b. Suppose 4*w + 18 = 2*p, -s*w = p - 0 + 3. Let k(x) = x**3 + x**2 + 3*x + 2. Calculate k(w).
-8
Let t(k) be the first derivative of -k**4/12 - k**3 - 7*k**2/2 + 4*k + 3. Let x(g) be the first derivative of t(g). What is x(-5)?
-2
Let m(g) = 3*g - 3. Suppose 4*b - 18 = 10. Let j be -1*b/(